z**3 - 4*z - 1. Let q be m(2). Let n(b) = 5*b - 2. Let f be n(q). What is the units digit of (-6 - f)*(1 - 0)?
1
Let q(u) = 2*u**3 - 3*u**2 + 2*u - 37. Let a be q(-6). Let h = -184 - a. What is the units digit of h?
5
Suppose -31*v + 0*v - 19*v = -2128350. What is the tens digit of v?
6
Let v be 2 + (-10 - -2) - -6. Suppose v = -6*o - 338 + 1052. What is the tens digit of o?
1
Let x(k) = -k**2 - 13*k - 5. Suppose 24 = 2*b + 6*c - 3*c, b - 30 = 3*c. Suppose 0 = z + z + b. What is the tens digit of x(z)?
3
Let r = 33 + -126. Let x = 97 + r. Suppose -x*p = -3*b + 198, -3*b + 2*p - p = -189. What is the tens digit of b?
6
Let g(a) = 6687*a**2 - 90*a - 92. What is the units digit of g(-1)?
5
Let m(r) be the third derivative of r**5/30 + 5*r**4/24 - 41*r**3/2 - 43*r**2 - 2*r. What is the units digit of m(-18)?
5
Suppose -308*o + 2831502 = -221*o. What is the thousands digit of o?
2
Let c(f) = -f**3 - 9*f**2 + 7*f - 10. Let n(w) = w**3 + 14*w**2 + 24*w - 9. Let q be n(-12). Let a be c(q). Let i = 121 + a. What is the units digit of i?
8
Let k be (-38)/76 - (-4053)/2. Let m = k - 984. What is the units digit of m?
2
Let u(p) = p**3 - 21*p**2 + 22*p - 18. Let l be u(20). Let r = l + -18. Suppose -4*w + r*v = -476, 0 = 5*w + 2*v - 5*v - 591. What is the tens digit of w?
1
Let i(r) = 122*r**3 - 14*r**2 + 3*r + 45. What is the tens digit of i(7)?
2
Let k be (10/15)/((-2)/129). What is the units digit of (-2 - k)*(-6 + 8)?
2
Suppose 19 = 5*b - w, 2*b + w - 6 = 3*w. Let d(t) = 11*t**3 + t**2 + t - 15. What is the tens digit of d(b)?
0
Suppose -3*z + 3151 = -5*u, 16*z - 13*z + 9 = 0. Let c = -356 - u. What is the tens digit of c?
7
Suppose 0*c - 4*c - 860 = -s, 0 = 2*s - 2*c - 1702. Suppose -3*y = 6, 2*t - 20*y + 25*y - s = 0. What is the units digit of t?
9
Let f = 43 + 152. Let j = f + -93. Suppose -r - 5*r + j = 0. What is the tens digit of r?
1
Let b(o) = -4*o**3 - 10*o**2 - 17*o + 9. Let u be b(-6). Suppose -5*n + 0*n = u. Let i = n - -189. What is the tens digit of i?
6
Let b(y) = y**2 + 16*y + 24. Let k be b(-11). Let p = 67 + k. What is the tens digit of (p/24)/(0 - 3/(-20))?
1
Suppose -41*v + 38*v - 5*t = -26728, 0 = 2*v - t - 17836. What is the units digit of v?
6
What is the hundreds digit of (939 - 2)/(62/93*6/40)?
3
Let p = -49 + 28. Let i(z) = -17*z + 65. What is the units digit of i(p)?
2
Let z = 74 + -82. Let x(c) = c**3 + 10*c**2 + 15*c - 5. Let p be x(z). Suppose -5*s + 1008 = p*s. What is the units digit of s?
6
Let t(x) = 394*x**3 - 2*x**2 - 7*x + 5. What is the ten thousands digit of t(3)?
1
Let m(h) = 5*h**2 + h - 10. Let p be m(5). Suppose -4*u + p = -4*j, 3*j = 5*u + 2*j - 162. What is the tens digit of u?
3
Let n be 622/(-4 + (-52)/(-12)). Suppose 19*y - 16*y = n. What is the units digit of y?
2
Let l(s) = -140*s + 93. What is the hundreds digit of l(-20)?
8
Suppose -2*r + 9 = -5*f, -3*r + 0*f + 42 = 2*f. Suppose 3*u + 2*h - 1206 = u, 3*h + r = 0. What is the tens digit of u?
0
Let a(g) = 62*g**2 - 65*g - 56. What is the units digit of a(12)?
2
Suppose 88*n - 127781 = 83*n - 2*g, -g - 7 = 0. What is the ten thousands digit of n?
2
What is the hundreds digit of 10/8 + (-24789)/(-12)*5?
3
Let b be 0*(2 + 8/(-12))/(-4). Suppose b = -2*p - 10*p + 4656. What is the tens digit of p?
8
Let y(k) be the first derivative of -17*k**4/2 - k**3 - 9*k**2/2 - 5*k + 68. What is the units digit of y(-2)?
3
Let g be (-9 - (-235)/25) + 18/5. Let w = 193 - g. What is the hundreds digit of w?
1
Let c(k) = 6 - 9*k**2 + 2*k + 4 - 2 + 4. Let y(h) = -9*h**2 + h + 12. Let j(d) = -6*c(d) + 5*y(d). What is the units digit of j(-3)?
0
Let s(z) be the third derivative of 2*z**5/3 - 5*z**4/8 + 3*z**3 + 58*z**2. What is the hundreds digit of s(4)?
5
Let v = -8145 + 23564. What is the tens digit of v?
1
Suppose 2*t - 36873 = -5*y, -2*y = -42*t + 38*t - 14730. What is the units digit of y?
3
Suppose 7*q - 2*q = 0. Let o be q + 4 - 5 - (1 - 18). Suppose -46 - o = -2*u. What is the units digit of u?
1
Let d be 0*-3*2/(-18). Suppose d = -14*w + 13*w. Suppose 2*z = 4*q - 156, w = 3*q + 3*z - 141 + 6. What is the tens digit of q?
4
Let h(t) = -t**3 - 8*t**2 - 17*t - 16. Let s = 30 + -25. Suppose 5 = s*y + 45. What is the tens digit of h(y)?
2
Let k be -699*8/(-12) + 3. Let x = k - 327. What is the units digit of x?
2
Suppose -5851994 - 1558081 = -212*s + 5698945. What is the thousands digit of s?
1
Suppose 0 = 3*u + 6, -5*w - 103*u = -106*u - 54086. What is the thousands digit of w?
0
Let s(u) = -17*u - 88. Let q(d) = -9*d - 44. Let v(c) = 7*q(c) - 4*s(c). Let g be v(-8). Suppose 0 = -g*m + 32 + 68. What is the units digit of m?
5
Suppose -709*q + 684*q = -1462950. What is the units digit of q?
8
Let v(z) = 1215*z**2 - 153*z - 478. What is the ten thousands digit of v(-3)?
1
Suppose l - 13379 = 4*h, -2081*l - 53596 = -2085*l - 4*h. What is the ten thousands digit of l?
1
Suppose -20 = -4*y, -3*f + 10*y = 6*y + 1007. Let d = -714 - -1198. Let z = d + f. What is the tens digit of z?
5
Let q(g) = -333*g + 1809. What is the hundreds digit of q(-44)?
4
Suppose -145*k + 1988448 + 2042697 = 0. What is the hundreds digit of k?
8
Let s(r) = 48*r**3 + r**2 + 2. Let u = -148 - -150. What is the tens digit of s(u)?
9
Suppose -2*z = -5*s - 44, 0*s - s = 3*z - 32. Let r = z - -7. Suppose -r*d + 4905 = -662. What is the tens digit of d?
9
Let i(w) = -w**3 + 33*w**2 + 1399*w - 69. What is the hundreds digit of i(-31)?
0
What is the thousands digit of (-27818)/(-49)*(-315)/(-30)?
5
Let m be (-65)/(-7) - 4/14 - 1. What is the thousands digit of (-140)/112 - (-15266)/m?
1
What is the thousands digit of ((19071/(-6))/1 - 2)/((-4)/8)?
6
Let s(d) = -d**3 + 43*d**2 + 36*d + 23. Let o be s(44). Suppose -3*p = -168 + 852. Let t = p - o. What is the units digit of t?
1
Let h(d) = -1403*d - 1580. What is the units digit of h(-5)?
5
Suppose -61*o - 225779 = -1251848 - 1419665. What is the tens digit of o?
9
Let r = 133737 - 46382. What is the thousands digit of r?
7
Suppose 4*y = -4*v, 3*y - 3*v - 12 = 18. Let w = -746 + 1054. Suppose -o = -y*l + 885, -5*o = 5*l - w - 607. What is the hundreds digit of l?
1
Let v(h) = h + 27. Let p be v(8). What is the units digit of 2576/p - (-3)/5*-1?
3
Suppose j + 3*r = 84271, -168558 = -2*j - 83*r + 81*r. What is the thousands digit of j?
4
What is the thousands digit of ((-2)/(-4))/(-7 - (-56309)/8044)?
4
What is the units digit of 589136/(-112)*-14 + 18?
0
Suppose -4*l + l = -2*h - 2723, 0 = -2*l + 3*h + 1817. Let u = l - -55. What is the hundreds digit of u?
9
Let s = 965 - 2014. Let b = 1577 + s. What is the tens digit of b?
2
Let d(h) = 501*h**2 + 265*h + 1859. What is the ten thousands digit of d(-7)?
2
Suppose -10 = 8*v - 6*v, 0 = 5*p - 3*v + 100. What is the tens digit of 14*51/2 + 22 + p?
5
What is the tens digit of (-385)/(-22)*((-2852)/(-84) + (-4)/(-12))?
0
Let b(n) = 18*n**2 + 6*n + 20. Suppose 3*i + 1 = -14, 0 = 3*a - 4*i - 8. What is the hundreds digit of b(a)?
2
Let m(x) = -x**2 - 5*x. Let l be m(-4). Suppose 5*p = -4*r + 1559, 1589 = l*r - 0*r - p. What is the tens digit of r?
9
What is the thousands digit of 17/204 + (-8089712)/(-192)?
2
Let f(n) = 8*n**2 - 7*n + 4. Suppose y - 4*y - 3 = 4*r, -5*y = 5*r + 10. Let x be r/1 - (-3 - (5 - 9)). What is the units digit of f(x)?
2
Let y = -2710 - -5212. What is the thousands digit of y?
2
Suppose 14 = 7*i - 7. What is the hundreds digit of (24/3 - i)*70?
3
Suppose -j = 0, 0 = -3*x - j - 0*j + 60. Suppose -4*n - x = 0, -2*n = -4*g - 4*n - 2. What is the tens digit of (-1)/(-1)*58/g?
2
Let s = -35 - -25. Let g be (-2)/5 - (-3 + 14/s). What is the units digit of (6/15)/(g/50)?
5
Suppose 21*z = 3*z + 6246. Suppose 6*v - z - 241 = 0. What is the tens digit of v?
9
Let f(p) be the third derivative of -p**6/120 + 19*p**5/60 + p**4 - 19*p**3/2 - 79*p**2. What is the tens digit of f(19)?
9
Let v(m) = -144*m - 7. Suppose 0 = 5*k - 3*k + 10, -3*c - 3*k - 21 = 0. What is the hundreds digit of v(c)?
2
Let o(u) = -89*u**3 - 20*u**2 - 24*u - 2. What is the tens digit of o(-3)?
9
Suppose 3096 = 11*p - 259. Let t = 658 - p. What is the units digit of t?
3
Let b = -1116 + 17658. What is the ten thousands digit of b?
1
Let d = -3798 + 2172. Let g = d + 3060. What is the tens digit of g?
3
Let o be (-9)/(-4) + ((-5)